{"id":1091,"date":"2025-11-07T13:31:12","date_gmt":"2025-11-07T12:31:12","guid":{"rendered":"https:\/\/schiller.the-web-designer.de\/?page_id=1091"},"modified":"2026-01-07T06:48:48","modified_gmt":"2026-01-07T05:48:48","slug":"studentska-rada","status":"publish","type":"page","link":"https:\/\/schillergymnasium-pirna.de\/cs\/schillergremien\/schuelerrat\/","title":{"rendered":"Studentsk\u00e1 rada"},"content":{"rendered":"<div data-elementor-type=\"wp-page\" data-elementor-id=\"1091\" class=\"elementor elementor-1091\" data-elementor-post-type=\"page\">\n\t\t\t\t<div class=\"elementor-element elementor-element-0522a26 e-flex e-con-boxed e-con e-parent\" data-id=\"0522a26\" data-element_type=\"container\" data-e-type=\"container\">\n\t\t\t\t\t<div class=\"e-con-inner\">\n\t\t\t\t<div class=\"elementor-element elementor-element-56b0367 elementor-widget elementor-widget-heading\" data-id=\"56b0367\" data-element_type=\"widget\" data-e-type=\"widget\" data-widget_type=\"heading.default\">\n\t\t\t\t\t<h2 class=\"elementor-heading-title elementor-size-default\">Gratulujeme zvolen\u00fdm studentsk\u00fdm z\u00e1stupc\u016fm pro rok 2025\/2026<\/h2>\t\t\t\t<\/div>\n\t\t\t\t\t<\/div>\n\t\t\t\t<\/div>\n\t\t\t\t<div class=\"elementor-section elementor-top-section elementor-element elementor-element-277dba8 animated-slow elementor-section-boxed elementor-section-height-default elementor-section-height-default elementor-invisible\" data-id=\"277dba8\" data-element_type=\"section\" data-e-type=\"section\" data-settings=\"{&quot;animation&quot;:&quot;fadeIn&quot;}\">\n\t\t\t\t\t\t<div class=\"elementor-container elementor-column-gap-default\">\n\t\t\t\t\t<div class=\"elementor-column elementor-col-50 elementor-top-column elementor-element elementor-element-fbd4a43\" data-id=\"fbd4a43\" data-element_type=\"column\" data-e-type=\"column\">\n\t\t\t<div class=\"elementor-widget-wrap elementor-element-populated\">\n\t\t\t\t\t\t<div class=\"elementor-element elementor-element-797459e elementor-widget-tablet__width-auto elementor-widget elementor-widget-image\" data-id=\"797459e\" data-element_type=\"widget\" data-e-type=\"widget\" data-widget_type=\"image.default\">\n\t\t\t\t\t\t\t\t\t\t\t\t\t\t\t<img fetchpriority=\"high\" decoding=\"async\" width=\"488\" height=\"485\" src=\"https:\/\/schillergymnasium-pirna.de\/wp-content\/uploads\/2025\/12\/Bild1.jpg\" class=\"elementor-animation-bounce-in attachment-full size-full wp-image-1185\" alt=\"\" srcset=\"https:\/\/schillergymnasium-pirna.de\/wp-content\/uploads\/2025\/12\/Bild1.jpg 488w, https:\/\/schillergymnasium-pirna.de\/wp-content\/uploads\/2025\/12\/Bild1-300x298.jpg 300w, https:\/\/schillergymnasium-pirna.de\/wp-content\/uploads\/2025\/12\/Bild1-150x150.jpg 150w, https:\/\/schillergymnasium-pirna.de\/wp-content\/uploads\/2025\/12\/Bild1-12x12.jpg 12w\" sizes=\"(max-width: 488px) 100vw, 488px\" \/>\t\t\t\t\t\t\t\t\t\t\t\t\t\t\t<\/div>\n\t\t\t\t\t<\/div>\n\t\t<\/div>\n\t\t\t\t<div class=\"elementor-column elementor-col-50 elementor-top-column elementor-element elementor-element-5574c50\" data-id=\"5574c50\" data-element_type=\"column\" data-e-type=\"column\">\n\t\t\t<div class=\"elementor-widget-wrap elementor-element-populated\">\n\t\t\t\t\t\t<div class=\"elementor-element elementor-element-cc2851d elementor-widget elementor-widget-text-editor\" data-id=\"cc2851d\" data-element_type=\"widget\" data-e-type=\"widget\" data-widget_type=\"text-editor.default\">\n\t\t\t\t\t\t\t\t\t<p>(zleva doprava Marlene Nestler, \u0160t\u011bp\u00e1n Ryt\u00ed\u0159, Sophie Schein, Logan Barth, Michael Pazdera, Zo\u00e9 Cseh, Mia Klo\u00df)<\/p><p>\u201e&quot;Kdy\u017e jsou jednotn\u00ed, i slab\u00ed se stanou mocn\u00fdmi.&quot;\u201c<\/p><p>-Friedrich Schiller<\/p><p>Letos si n\u00e1s osm rozd\u011bl\u00ed \u00fakoly mezi n\u00e1sleduj\u00edc\u00ed, abychom spole\u010dn\u011b zajistili pozitivn\u00ed a spolupracuj\u00edc\u00ed atmosf\u00e9ru ve \u0161kole.<\/p><ul><li>Z\u00e1stupce student\u016f Michael Pazdera<\/li><li>Z\u00e1stupkyn\u011b studentsk\u00e9ho z\u00e1stupce Sophie Scheinov\u00e1<\/li><li>mluv\u010d\u00ed intern\u00e1tu \u0160t\u011bp\u00e1n Ryt\u00ed\u0159<\/li><li>Prefekt Daniel Moh\u00e1csi<\/li><li>Prefektka Mia Klo\u00df<\/li><li>Zvonilka Marlene Nestler<\/li><li>Pokladn\u00edk Logan Barth<\/li><li>Vztahy s ve\u0159ejnost\u00ed Zo\u00e9 Cseh<\/li><\/ul><p>Jako nov\u011b zvolen\u00e1 studentsk\u00e1 rada se letos pust\u00edme do mnoha nov\u00fdch projekt\u016f a n\u00e1pad\u016f. Na na\u0161em prvn\u00edm setk\u00e1n\u00ed jsme si stanovili \u0159adu c\u00edl\u016f, kter\u00fdch se letos s podporou student\u016f sna\u017e\u00edme dos\u00e1hnout. Krom\u011b tradi\u010dn\u00edch projekt\u016f, jako je ka\u017edoro\u010dn\u00ed sout\u011b\u017e v\u00e1no\u010dn\u00edch stromk\u016f, z tohoto setk\u00e1n\u00ed vze\u0161lo mnoho nov\u00fdch iniciativ, jako je t\u0159\u00eddn\u00ed sout\u011b\u017e a halloweensk\u00fd ples. V na\u0161ich projektech n\u00e1s podporuje leto\u0161n\u00ed pedagogick\u00e1 poradkyn\u011b, pan\u00ed Reicheltov\u00e1, a jedna ze soci\u00e1ln\u00edch pracovnic na\u0161\u00ed \u0161koly, pan\u00ed Balzov\u00e1. Jako studentsk\u00e1 rada se zav\u00e1zali k v\u011bt\u0161\u00ed digitalizaci a zlep\u0161en\u00ed vzd\u011bl\u00e1vac\u00edho prost\u0159ed\u00ed v na\u0161\u00ed \u0161kole. D\u00e1le pokra\u010dujeme v roz\u0161i\u0159ov\u00e1n\u00ed studentsk\u00e9ho klubu. Ten by m\u011bl b\u00fdt od za\u010d\u00e1tku nov\u00e9ho roku otev\u0159en v\u0161em student\u016fm od 9. ro\u010dn\u00edku v\u00fd\u0161e.<\/p><p>Pokud m\u00e1te n\u011bjak\u00e9 n\u00e1pady nebo n\u00e1vrhy, m\u016f\u017eete se ka\u017ed\u00fd \u010dtvrtek b\u011bhem poledn\u00ed p\u0159est\u00e1vky z\u00fa\u010dastnit na\u0161\u00ed sch\u016fzky \u201eOtev\u0159en\u00e9 naslouch\u00e1n\u00ed\u201c, kde v\u00e1m bude v m\u00edstnosti studentsk\u00e9 rady k dispozici \u010dlen studentsk\u00e9 rady. M\u016f\u017eete n\u00e1s tak\u00e9 kontaktovat na adrese <a href=\"mailto:schuelervertretung@fsg.lernsax.de\">schuelervertretung@fsg.lernsax.de<\/a> napsat.<\/p><p>Jako v\u017edy budete dost\u00e1vat novinky a informace od z\u00e1stupc\u016f va\u0161\u00ed t\u0159\u00eddy nebo zde na domovsk\u00e9 str\u00e1nce.<\/p><p>S pozdravem<\/p><p>Va\u0161e studentsk\u00e1 rada<\/p>\t\t\t\t\t\t\t\t<\/div>\n\t\t\t\t\t<\/div>\n\t\t<\/div>\n\t\t\t\t\t<\/div>\n\t\t<\/div>\n\t\t\t\t<\/div>","protected":false},"excerpt":{"rendered":"<p>Gratulujeme zvolen\u00fdm z\u00e1stupc\u016fm student\u016f pro rok 2025\/2026 (zleva doprava Marlene Nestlerov\u00e1, \u0160t\u011bp\u00e1n Ryt\u00ed\u0159, Sophie Scheinov\u00e1, Logan Barth, Michael Pazdera, Zo\u00e9 Csehov\u00e1, Mia Klo\u00dfov\u00e1) \u201eI slab\u00ed siln\u00ed jsou, jsou-li spolu spojeni.\u201c - Friedrich Schiller Letos se n\u00e1s osm rozd\u011bl\u00ed do n\u00e1sleduj\u00edc\u00edch \u00fakol\u016f, abychom spole\u010dn\u011b zajistili \u0161koln\u00ed spolupr\u00e1ci. Studentsk\u00fd mluv\u010d\u00ed Michael Pazdera\u2026<\/p>","protected":false},"author":1,"featured_media":57,"parent":1086,"menu_order":0,"comment_status":"closed","ping_status":"closed","template":"","meta":{"rs_blank_template":"","rs_page_bg_color":"","slide_template_v7":"","_loi_post_transparent":"","_loi_post_title":"default","_loi_post_layout":"default","_loi_post_sidebar_id":"","_loi_post_content_style":"unboxed","_loi_post_vertical_padding":"default","_loi_post_feature":"default","_loi_post_feature_position":"","_loi_post_header":false,"_loi_post_footer":false,"footnotes":""},"class_list":["post-1091","page","type-page","status-publish","has-post-thumbnail","hentry"],"_links":{"self":[{"href":"https:\/\/schillergymnasium-pirna.de\/cs\/wp-json\/wp\/v2\/pages\/1091","targetHints":{"allow":["GET"]}}],"collection":[{"href":"https:\/\/schillergymnasium-pirna.de\/cs\/wp-json\/wp\/v2\/pages"}],"about":[{"href":"https:\/\/schillergymnasium-pirna.de\/cs\/wp-json\/wp\/v2\/types\/page"}],"author":[{"embeddable":true,"href":"https:\/\/schillergymnasium-pirna.de\/cs\/wp-json\/wp\/v2\/users\/1"}],"replies":[{"embeddable":true,"href":"https:\/\/schillergymnasium-pirna.de\/cs\/wp-json\/wp\/v2\/comments?post=1091"}],"version-history":[{"count":16,"href":"https:\/\/schillergymnasium-pirna.de\/cs\/wp-json\/wp\/v2\/pages\/1091\/revisions"}],"predecessor-version":[{"id":1612,"href":"https:\/\/schillergymnasium-pirna.de\/cs\/wp-json\/wp\/v2\/pages\/1091\/revisions\/1612"}],"up":[{"embeddable":true,"href":"https:\/\/schillergymnasium-pirna.de\/cs\/wp-json\/wp\/v2\/pages\/1086"}],"wp:featuredmedia":[{"embeddable":true,"href":"https:\/\/schillergymnasium-pirna.de\/cs\/wp-json\/wp\/v2\/media\/57"}],"wp:attachment":[{"href":"https:\/\/schillergymnasium-pirna.de\/cs\/wp-json\/wp\/v2\/media?parent=1091"}],"curies":[{"name":"wp","href":"https:\/\/api.w.org\/{rel}","templated":true}]}}

Studentská rada

<div data-elementor-type="wp-page" data-elementor-id="1091" class="elementor elementor-1091" data-elementor-post-type="page">
				<div class="elementor-element elementor-element-0522a26 e-flex e-con-boxed e-con e-parent" data-id="0522a26" data-element_type="container" data-e-type="container">
					<div class="e-con-inner">
				<div class="elementor-element elementor-element-56b0367 elementor-widget elementor-widget-heading" data-id="56b0367" data-element_type="widget" data-e-type="widget" data-widget_type="heading.default">
					<h2 class="elementor-heading-title elementor-size-default">Gratulujeme zvoleným studentským zástupcům pro rok 2025/2026</h2>				</div>
					</div>
				</div>
				<div class="elementor-section elementor-top-section elementor-element elementor-element-277dba8 animated-slow elementor-section-boxed elementor-section-height-default elementor-section-height-default elementor-invisible" data-id="277dba8" data-element_type="section" data-e-type="section" data-settings="{&quot;animation&quot;:&quot;fadeIn&quot;}">
						<div class="elementor-container elementor-column-gap-default">
					<div class="elementor-column elementor-col-50 elementor-top-column elementor-element elementor-element-fbd4a43" data-id="fbd4a43" data-element_type="column" data-e-type="column">
			<div class="elementor-widget-wrap elementor-element-populated">
						<div class="elementor-element elementor-element-797459e elementor-widget-tablet__width-auto elementor-widget elementor-widget-image" data-id="797459e" data-element_type="widget" data-e-type="widget" data-widget_type="image.default">
															<img fetchpriority="high" decoding="async" width="488" height="485" src="https://schillergymnasium-pirna.de/wp-content/uploads/2025/12/Bild1.jpg" class="elementor-animation-bounce-in attachment-full size-full wp-image-1185" alt="" srcset="https://schillergymnasium-pirna.de/wp-content/uploads/2025/12/Bild1.jpg 488w, https://schillergymnasium-pirna.de/wp-content/uploads/2025/12/Bild1-300x298.jpg 300w, https://schillergymnasium-pirna.de/wp-content/uploads/2025/12/Bild1-150x150.jpg 150w, https://schillergymnasium-pirna.de/wp-content/uploads/2025/12/Bild1-12x12.jpg 12w" sizes="(max-width: 488px) 100vw, 488px" />															</div>
					</div>
		</div>
				<div class="elementor-column elementor-col-50 elementor-top-column elementor-element elementor-element-5574c50" data-id="5574c50" data-element_type="column" data-e-type="column">
			<div class="elementor-widget-wrap elementor-element-populated">
						<div class="elementor-element elementor-element-cc2851d elementor-widget elementor-widget-text-editor" data-id="cc2851d" data-element_type="widget" data-e-type="widget" data-widget_type="text-editor.default">
									<p>(zleva doprava Marlene Nestler, Štěpán Rytíř, Sophie Schein, Logan Barth, Michael Pazdera, Zoé Cseh, Mia Kloß)</p><p>„&quot;Když jsou jednotní, i slabí se stanou mocnými.&quot;“</p><p>-Friedrich Schiller</p><p>Letos si nás osm rozdělí úkoly mezi následující, abychom společně zajistili pozitivní a spolupracující atmosféru ve škole.</p><ul><li>Zástupce studentů Michael Pazdera</li><li>Zástupkyně studentského zástupce Sophie Scheinová</li><li>mluvčí internátu Štěpán Rytíř</li><li>Prefekt Daniel Mohácsi</li><li>Prefektka Mia Kloß</li><li>Zvonilka Marlene Nestler</li><li>Pokladník Logan Barth</li><li>Vztahy s veřejností Zoé Cseh</li></ul><p>Jako nově zvolená studentská rada se letos pustíme do mnoha nových projektů a nápadů. Na našem prvním setkání jsme si stanovili řadu cílů, kterých se letos s podporou studentů snažíme dosáhnout. Kromě tradičních projektů, jako je každoroční soutěž vánočních stromků, z tohoto setkání vzešlo mnoho nových iniciativ, jako je třídní soutěž a halloweenský ples. V našich projektech nás podporuje letošní pedagogická poradkyně, paní Reicheltová, a jedna ze sociálních pracovnic naší školy, paní Balzová. Jako studentská rada se zavázali k větší digitalizaci a zlepšení vzdělávacího prostředí v naší škole. Dále pokračujeme v rozšiřování studentského klubu. Ten by měl být od začátku nového roku otevřen všem studentům od 9. ročníku výše.</p><p>Pokud máte nějaké nápady nebo návrhy, můžete se každý čtvrtek během polední přestávky zúčastnit naší schůzky „Otevřené naslouchání“, kde vám bude v místnosti studentské rady k dispozici člen studentské rady. Můžete nás také kontaktovat na adrese <a href="mailto:schuelervertretung@fsg.lernsax.de">schuelervertretung@fsg.lernsax.de</a> napsat.</p><p>Jako vždy budete dostávat novinky a informace od zástupců vaší třídy nebo zde na domovské stránce.</p><p>S pozdravem</p><p>Vaše studentská rada</p>								</div>
					</div>
		</div>
					</div>
		</div>
				</div>

<p>Gratulujeme zvoleným zástupcům studentů pro rok 2025/2026 (zleva doprava Marlene Nestlerová, Štěpán Rytíř, Sophie Scheinová, Logan Barth, Michael Pazdera, Zoé Csehová, Mia Kloßová) „I slabí silní jsou, jsou-li spolu spojeni.“ - Friedrich Schiller Letos se nás osm rozdělí do následujících úkolů, abychom společně zajistili školní spolupráci. Studentský mluvčí Michael Pazdera…</p>
