{"id":19,"date":"2025-02-11T05:08:29","date_gmt":"2025-02-11T05:08:29","guid":{"rendered":"https:\/\/theme.loistheme.com\/WP\/CMS\/LT035\/?page_id=19"},"modified":"2026-02-25T11:50:02","modified_gmt":"2026-02-25T10:50:02","slug":"schillerbinational","status":"publish","type":"page","link":"https:\/\/schillergymnasium-pirna.de\/cs\/schillerbinational\/","title":{"rendered":"SchillerBinational"},"content":{"rendered":"<div data-elementor-type=\"wp-page\" data-elementor-id=\"19\" class=\"elementor elementor-19\" data-elementor-post-type=\"page\">\n\t\t\t\t<div class=\"elementor-element elementor-element-0522a26 e-grid e-con-boxed e-con e-parent\" data-id=\"0522a26\" data-element_type=\"container\" data-e-type=\"container\">\n\t\t\t\t\t<div class=\"e-con-inner\">\n\t\t\t\t<div class=\"elementor-element elementor-element-56b0367 elementor-widget elementor-widget-heading\" data-id=\"56b0367\" data-element_type=\"widget\" data-e-type=\"widget\" data-widget_type=\"heading.default\">\n\t\t\t\t\t<h2 class=\"elementor-heading-title elementor-size-default\">Podpora talent\u016f<\/h2>\t\t\t\t<\/div>\n\t\t\t\t<div class=\"elementor-element elementor-element-2f9ae30 elementor-widget elementor-widget-heading\" data-id=\"2f9ae30\" data-element_type=\"widget\" data-e-type=\"widget\" data-widget_type=\"heading.default\">\n\t\t\t\t\t<h2 class=\"elementor-heading-title elementor-size-default\">bin\u00e1rodn\u00ed n\u011bmecko-\u010desk\u00fd vzd\u011bl\u00e1vac\u00ed program<\/h2>\t\t\t\t<\/div>\n\t\t\t\t\t<\/div>\n\t\t\t\t<\/div>\n\t\t\t\t<div class=\"elementor-section elementor-top-section elementor-element elementor-element-277dba8 animated-slow elementor-section-boxed elementor-section-height-default elementor-section-height-default elementor-invisible\" data-id=\"277dba8\" data-element_type=\"section\" data-e-type=\"section\" data-settings=\"{&quot;animation&quot;:&quot;fadeIn&quot;}\">\n\t\t\t\t\t\t<div class=\"elementor-container elementor-column-gap-default\">\n\t\t\t\t\t<div class=\"elementor-column elementor-col-50 elementor-top-column elementor-element elementor-element-fbd4a43\" data-id=\"fbd4a43\" data-element_type=\"column\" data-e-type=\"column\">\n\t\t\t<div class=\"elementor-widget-wrap elementor-element-populated\">\n\t\t\t\t\t\t<div class=\"elementor-element elementor-element-797459e elementor-widget-tablet__width-auto elementor-widget elementor-widget-image\" data-id=\"797459e\" data-element_type=\"widget\" data-e-type=\"widget\" data-widget_type=\"image.default\">\n\t\t\t\t\t\t\t\t\t\t\t\t\t\t\t<img fetchpriority=\"high\" decoding=\"async\" width=\"1600\" height=\"1995\" src=\"https:\/\/schillergymnasium-pirna.de\/wp-content\/uploads\/2025\/05\/2024-01-30_-_BINA.jpg\" class=\"elementor-animation-bounce-in attachment-full size-full wp-image-382\" alt=\"\" srcset=\"https:\/\/schillergymnasium-pirna.de\/wp-content\/uploads\/2025\/05\/2024-01-30_-_BINA.jpg 1600w, https:\/\/schillergymnasium-pirna.de\/wp-content\/uploads\/2025\/05\/2024-01-30_-_BINA-241x300.jpg 241w, https:\/\/schillergymnasium-pirna.de\/wp-content\/uploads\/2025\/05\/2024-01-30_-_BINA-821x1024.jpg 821w, https:\/\/schillergymnasium-pirna.de\/wp-content\/uploads\/2025\/05\/2024-01-30_-_BINA-768x958.jpg 768w, https:\/\/schillergymnasium-pirna.de\/wp-content\/uploads\/2025\/05\/2024-01-30_-_BINA-1232x1536.jpg 1232w, https:\/\/schillergymnasium-pirna.de\/wp-content\/uploads\/2025\/05\/2024-01-30_-_BINA-10x12.jpg 10w\" sizes=\"(max-width: 1600px) 100vw, 1600px\" \/>\t\t\t\t\t\t\t\t\t\t\t\t\t\t\t<\/div>\n\t\t\t\t\t<\/div>\n\t\t<\/div>\n\t\t\t\t<div class=\"elementor-column elementor-col-50 elementor-top-column elementor-element elementor-element-5574c50\" data-id=\"5574c50\" data-element_type=\"column\" data-e-type=\"column\">\n\t\t\t<div class=\"elementor-widget-wrap elementor-element-populated\">\n\t\t\t\t\t\t<div class=\"elementor-element elementor-element-cc2851d elementor-widget elementor-widget-text-editor\" data-id=\"cc2851d\" data-element_type=\"widget\" data-e-type=\"widget\" data-widget_type=\"text-editor.default\">\n\t\t\t\t\t\t\t\t\t<p align=\"center\"><strong><em>Ahoj, srde\u010dn\u011b v\u00e1s vit\u00e1me na Gymn\u00e1ziu Friedricha Schillera v Pirn\u011b<\/em><\/strong><strong><em>!<\/em><\/strong><\/p><p>Nerozum\u011bl jsi t\u00e9 v\u011bt\u011b? Je \u010desk\u00e1 a znamen\u00e1:<\/p><p align=\"center\"><strong><em>Dobr\u00fd den a v\u00edtejte na Friedrich-Schiller-Gymnasium Pirna!<\/em><\/strong><\/p>\t\t\t\t\t\t\t\t<\/div>\n\t\t\t\t<div class=\"elementor-element elementor-element-0b3cece elementor-widget elementor-widget-text-editor\" data-id=\"0b3cece\" data-element_type=\"widget\" data-e-type=\"widget\" data-widget_type=\"text-editor.default\">\n\t\t\t\t\t\t\t\t\t<p>Ti, kte\u0159\u00ed nav\u0161t\u011bvuj\u00ed na\u0161i \u0161kolu, se opakovan\u011b setk\u00e1vaj\u00ed s jazykem na\u0161eho nejbli\u017e\u0161\u00edho souseda. U n\u00e1s m\u00e1te nejen mo\u017enost nau\u010dit se \u010desky, ale tak\u00e9 se st\u00e1t sou\u010d\u00e1st\u00ed unik\u00e1tn\u00edho n\u011bmecko-\u010desk\u00e9ho profilu BINA.<\/p>\t\t\t\t\t\t\t\t<\/div>\n\t\t\t\t<div class=\"elementor-element elementor-element-d9893ec elementor-widget elementor-widget-text-editor\" data-id=\"d9893ec\" data-element_type=\"widget\" data-e-type=\"widget\" data-widget_type=\"text-editor.default\">\n\t\t\t\t\t\t\t\t\t<p>Zaj\u00edm\u00e1 v\u00e1s profil? Rozhl\u00e9dn\u011bte se a dozv\u00edte se v\u00edce o \u0161koln\u00edm \u017eivot\u011b, organizaci v\u00fduky, po\u017eadavc\u00edch pro p\u0159ijet\u00ed na profil BINA, maturitn\u00edm vysv\u011bd\u010den\u00ed a zku\u0161enostech na\u0161ich student\u016f.<\/p><p>Bavte se s informov\u00e1n\u00edm!<\/p><p>T\u00fdm BINA<\/p>\t\t\t\t\t\t\t\t<\/div>\n\t\t\t\t\t<\/div>\n\t\t<\/div>\n\t\t\t\t\t<\/div>\n\t\t<\/div>\n\t\t<div class=\"elementor-element elementor-element-bb507aa e-grid e-con-boxed e-con e-parent\" data-id=\"bb507aa\" data-element_type=\"container\" data-e-type=\"container\">\n\t\t\t\t\t<div class=\"e-con-inner\">\n\t\t\t\t<div class=\"elementor-element elementor-element-6c8a9bb elementor-widget elementor-widget-text-editor\" data-id=\"6c8a9bb\" data-element_type=\"widget\" data-e-type=\"widget\" data-widget_type=\"text-editor.default\">\n\t\t\t\t\t\t\t\t\t<p><strong><em>Co je BINA?<\/em><\/strong><\/p><p>BINA je zkratka pro binacion\u00e1ln\u00ed, dvojjazy\u010dn\u00e9 n\u011bmecko-\u010desk\u00e9 vzd\u011bl\u00e1v\u00e1n\u00ed. To znamen\u00e1:<\/p><ul><li>\u010ce\u0161tinu jako druh\u00fd ciz\u00ed jazyk se budete u\u010dit od 5. t\u0159\u00eddy<\/li><li>Jste ve t\u0159\u00edd\u011b, kam je ka\u017edoro\u010dn\u011b p\u0159ijato pouze 14 student\u016f.<\/li><li>D\u00edky mal\u00e9 velikosti t\u0159\u00eddy se m\u016f\u017eete l\u00e9pe soust\u0159edit a l\u00e9pe se u\u010dit<\/li><li>Od 7. ro\u010dn\u00edku se k va\u0161\u00ed t\u0159\u00edd\u011b p\u0159ipoj\u00ed 14 \u010desk\u00fdch spolu\u017e\u00e1k\u016f, kte\u0159\u00ed bydl\u00ed na intern\u00e1t\u011b v Pirn\u011b; ve t\u0159\u00edd\u011b bude st\u00e1le maxim\u00e1ln\u011b 14 \u017e\u00e1k\u016f.<\/li><li>Budete se spole\u010dn\u011b u\u010dit n\u011bkter\u00e9 p\u0159edm\u011bty a ve voln\u00e9m \u010dase budete pou\u017e\u00edvat ciz\u00ed jazyk<\/li><li>Sezn\u00e1m\u00edte se s \u010deskou kulturou a budete pravideln\u011b pob\u00fdvat v \u010cesk\u00e9 republice, abyste si mohli zlep\u0161it jazyk, naj\u00edt si nov\u00e9 p\u0159\u00e1tele a poznat sousedn\u00ed zemi.<\/li><li>V N\u011bmecku obdr\u017e\u00edte pln\u011b funk\u010dn\u00ed <strong>a <\/strong>\u010desky uzn\u00e1van\u00fd maturitn\u00ed vysv\u011bd\u010den\u00ed<\/li><\/ul>\t\t\t\t\t\t\t\t<\/div>\n\t\t\t\t<div class=\"elementor-element elementor-element-bf9eb01 elementor-widget elementor-widget-text-editor\" data-id=\"bf9eb01\" data-element_type=\"widget\" data-e-type=\"widget\" data-widget_type=\"text-editor.default\">\n\t\t\t\t\t\t\t\t\t<p><strong><em>Pro\u010d \u010desky?<\/em><\/strong><\/p><ul><li>\u010cesk\u00e1 hranice je od Pirny jen asi 20 km, tak\u017ee by bylo fajn m\u00edt mo\u017enost si popov\u00eddat se sousedy.<\/li><li>Jazykem se mus\u00ed mluvit! P\u0159\u00edle\u017eitost\u00ed mluvit \u010desky v ka\u017edodenn\u00edm \u017eivot\u011b nebo o v\u00edkendu je spousta! V na\u0161\u00ed \u0161kole se m\u016f\u017eete dokonce domluvit s \u010desk\u00fdmi studenty a u\u010diteli.<\/li><li>\u010ce\u0161tina je slovansk\u00fd jazyk, a proto je kl\u00ed\u010dem k snadn\u011bj\u0161\u00edmu porozum\u011bn\u00ed dal\u0161\u00edm slovansk\u00fdm jazyk\u016fm (pol\u0161tin\u011b, sloven\u0161tin\u011b, chorvat\u0161tin\u011b, ru\u0161tin\u011b atd.).<\/li><li>\u010cesk\u00e1 republika je d\u016fle\u017eit\u00fdm partnerem N\u011bmecka; znalost \u010de\u0161tiny m\u016f\u017ee b\u00fdt u\u017eite\u010dn\u00e1 pro va\u0161i budouc\u00ed pr\u00e1ci.<\/li><\/ul>\t\t\t\t\t\t\t\t<\/div>\n\t\t\t\t\t<\/div>\n\t\t\t\t<\/div>\n\t\t\t\t<\/div>","protected":false},"excerpt":{"rendered":"<p>Podpora nad\u00e1n\u00ed bination\u00e1ln\u00ed n\u011bmecko-\u010desk\u00fd vzd\u011bl\u00e1vac\u00ed program Ahoj, srde\u010dn\u011b v\u00e1s v\u00edt\u00e1me na Gymn\u00e1ziu Friedricha Schillera v Pirn\u011b! Nerozum\u011bl jsi t\u00e9 v\u011bt\u011b? To je \u010desky a znamen\u00e1: \"Ahoj a v\u00edt\u00e1me v\u00e1s na Gymn\u00e1ziu Friedricha Schillera v Pirn\u011b!\" Kdo na\u0161i \u0161kolu nav\u0161t\u011bvuje, opakovan\u011b se setk\u00e1v\u00e1 s jazykem na\u0161eho nejbli\u017e\u0161\u00edho souseda. U n\u00e1s m\u00e1\u0161 nejen mo\u017enost...<\/p>","protected":false},"author":1,"featured_media":57,"parent":0,"menu_order":0,"comment_status":"closed","ping_status":"closed","template":"","meta":{"rs_blank_template":"","rs_page_bg_color":"","slide_template_v7":"","_loi_post_transparent":"","_loi_post_title":"default","_loi_post_layout":"default","_loi_post_sidebar_id":"","_loi_post_content_style":"unboxed","_loi_post_vertical_padding":"default","_loi_post_feature":"default","_loi_post_feature_position":"","_loi_post_header":false,"_loi_post_footer":false,"footnotes":""},"class_list":["post-19","page","type-page","status-publish","has-post-thumbnail","hentry"],"_links":{"self":[{"href":"https:\/\/schillergymnasium-pirna.de\/cs\/wp-json\/wp\/v2\/pages\/19","targetHints":{"allow":["GET"]}}],"collection":[{"href":"https:\/\/schillergymnasium-pirna.de\/cs\/wp-json\/wp\/v2\/pages"}],"about":[{"href":"https:\/\/schillergymnasium-pirna.de\/cs\/wp-json\/wp\/v2\/types\/page"}],"author":[{"embeddable":true,"href":"https:\/\/schillergymnasium-pirna.de\/cs\/wp-json\/wp\/v2\/users\/1"}],"replies":[{"embeddable":true,"href":"https:\/\/schillergymnasium-pirna.de\/cs\/wp-json\/wp\/v2\/comments?post=19"}],"version-history":[{"count":18,"href":"https:\/\/schillergymnasium-pirna.de\/cs\/wp-json\/wp\/v2\/pages\/19\/revisions"}],"predecessor-version":[{"id":2167,"href":"https:\/\/schillergymnasium-pirna.de\/cs\/wp-json\/wp\/v2\/pages\/19\/revisions\/2167"}],"wp:featuredmedia":[{"embeddable":true,"href":"https:\/\/schillergymnasium-pirna.de\/cs\/wp-json\/wp\/v2\/media\/57"}],"wp:attachment":[{"href":"https:\/\/schillergymnasium-pirna.de\/cs\/wp-json\/wp\/v2\/media?parent=19"}],"curies":[{"name":"wp","href":"https:\/\/api.w.org\/{rel}","templated":true}]}}

<div data-elementor-type="wp-page" data-elementor-id="19" class="elementor elementor-19" data-elementor-post-type="page">
				<div class="elementor-element elementor-element-0522a26 e-grid e-con-boxed e-con e-parent" data-id="0522a26" data-element_type="container" data-e-type="container">
					<div class="e-con-inner">
				<div class="elementor-element elementor-element-56b0367 elementor-widget elementor-widget-heading" data-id="56b0367" data-element_type="widget" data-e-type="widget" data-widget_type="heading.default">
					<h2 class="elementor-heading-title elementor-size-default">Podpora talentů</h2>				</div>
				<div class="elementor-element elementor-element-2f9ae30 elementor-widget elementor-widget-heading" data-id="2f9ae30" data-element_type="widget" data-e-type="widget" data-widget_type="heading.default">
					<h2 class="elementor-heading-title elementor-size-default">binárodní německo-český vzdělávací program</h2>				</div>
					</div>
				</div>
				<div class="elementor-section elementor-top-section elementor-element elementor-element-277dba8 animated-slow elementor-section-boxed elementor-section-height-default elementor-section-height-default elementor-invisible" data-id="277dba8" data-element_type="section" data-e-type="section" data-settings="{&quot;animation&quot;:&quot;fadeIn&quot;}">
						<div class="elementor-container elementor-column-gap-default">
					<div class="elementor-column elementor-col-50 elementor-top-column elementor-element elementor-element-fbd4a43" data-id="fbd4a43" data-element_type="column" data-e-type="column">
			<div class="elementor-widget-wrap elementor-element-populated">
						<div class="elementor-element elementor-element-797459e elementor-widget-tablet__width-auto elementor-widget elementor-widget-image" data-id="797459e" data-element_type="widget" data-e-type="widget" data-widget_type="image.default">
															<img fetchpriority="high" decoding="async" width="1600" height="1995" src="https://schillergymnasium-pirna.de/wp-content/uploads/2025/05/2024-01-30_-_BINA.jpg" class="elementor-animation-bounce-in attachment-full size-full wp-image-382" alt="" srcset="https://schillergymnasium-pirna.de/wp-content/uploads/2025/05/2024-01-30_-_BINA.jpg 1600w, https://schillergymnasium-pirna.de/wp-content/uploads/2025/05/2024-01-30_-_BINA-241x300.jpg 241w, https://schillergymnasium-pirna.de/wp-content/uploads/2025/05/2024-01-30_-_BINA-821x1024.jpg 821w, https://schillergymnasium-pirna.de/wp-content/uploads/2025/05/2024-01-30_-_BINA-768x958.jpg 768w, https://schillergymnasium-pirna.de/wp-content/uploads/2025/05/2024-01-30_-_BINA-1232x1536.jpg 1232w, https://schillergymnasium-pirna.de/wp-content/uploads/2025/05/2024-01-30_-_BINA-10x12.jpg 10w" sizes="(max-width: 1600px) 100vw, 1600px" />															</div>
					</div>
		</div>
				<div class="elementor-column elementor-col-50 elementor-top-column elementor-element elementor-element-5574c50" data-id="5574c50" data-element_type="column" data-e-type="column">
			<div class="elementor-widget-wrap elementor-element-populated">
						<div class="elementor-element elementor-element-cc2851d elementor-widget elementor-widget-text-editor" data-id="cc2851d" data-element_type="widget" data-e-type="widget" data-widget_type="text-editor.default">
									<p align="center"><strong><em>Ahoj, srdečně vás vitáme na Gymnáziu Friedricha Schillera v Pirně</em></strong><strong><em>!</em></strong></p><p>Nerozuměl jsi té větě? Je česká a znamená:</p><p align="center"><strong><em>Dobrý den a vítejte na Friedrich-Schiller-Gymnasium Pirna!</em></strong></p>								</div>
				<div class="elementor-element elementor-element-0b3cece elementor-widget elementor-widget-text-editor" data-id="0b3cece" data-element_type="widget" data-e-type="widget" data-widget_type="text-editor.default">
									<p>Ti, kteří navštěvují naši školu, se opakovaně setkávají s jazykem našeho nejbližšího souseda. U nás máte nejen možnost naučit se česky, ale také se stát součástí unikátního německo-českého profilu BINA.</p>								</div>
				<div class="elementor-element elementor-element-d9893ec elementor-widget elementor-widget-text-editor" data-id="d9893ec" data-element_type="widget" data-e-type="widget" data-widget_type="text-editor.default">
									<p>Zajímá vás profil? Rozhlédněte se a dozvíte se více o školním životě, organizaci výuky, požadavcích pro přijetí na profil BINA, maturitním vysvědčení a zkušenostech našich studentů.</p><p>Bavte se s informováním!</p><p>Tým BINA</p>								</div>
					</div>
		</div>
					</div>
		</div>
		<div class="elementor-element elementor-element-bb507aa e-grid e-con-boxed e-con e-parent" data-id="bb507aa" data-element_type="container" data-e-type="container">
					<div class="e-con-inner">
				<div class="elementor-element elementor-element-6c8a9bb elementor-widget elementor-widget-text-editor" data-id="6c8a9bb" data-element_type="widget" data-e-type="widget" data-widget_type="text-editor.default">
									<p><strong><em>Co je BINA?</em></strong></p><p>BINA je zkratka pro binacionální, dvojjazyčné německo-české vzdělávání. To znamená:</p><ul><li>Češtinu jako druhý cizí jazyk se budete učit od 5. třídy</li><li>Jste ve třídě, kam je každoročně přijato pouze 14 studentů.</li><li>Díky malé velikosti třídy se můžete lépe soustředit a lépe se učit</li><li>Od 7. ročníku se k vaší třídě připojí 14 českých spolužáků, kteří bydlí na internátě v Pirně; ve třídě bude stále maximálně 14 žáků.</li><li>Budete se společně učit některé předměty a ve volném čase budete používat cizí jazyk</li><li>Seznámíte se s českou kulturou a budete pravidelně pobývat v České republice, abyste si mohli zlepšit jazyk, najít si nové přátele a poznat sousední zemi.</li><li>V Německu obdržíte plně funkční <strong>a </strong>česky uznávaný maturitní vysvědčení</li></ul>								</div>
				<div class="elementor-element elementor-element-bf9eb01 elementor-widget elementor-widget-text-editor" data-id="bf9eb01" data-element_type="widget" data-e-type="widget" data-widget_type="text-editor.default">
									<p><strong><em>Proč česky?</em></strong></p><ul><li>Česká hranice je od Pirny jen asi 20 km, takže by bylo fajn mít možnost si popovídat se sousedy.</li><li>Jazykem se musí mluvit! Příležitostí mluvit česky v každodenním životě nebo o víkendu je spousta! V naší škole se můžete dokonce domluvit s českými studenty a učiteli.</li><li>Čeština je slovanský jazyk, a proto je klíčem k snadnějšímu porozumění dalším slovanským jazykům (polštině, slovenštině, chorvatštině, ruštině atd.).</li><li>Česká republika je důležitým partnerem Německa; znalost češtiny může být užitečná pro vaši budoucí práci.</li></ul>								</div>
					</div>
				</div>
				</div>

<p>Podpora nadání binationální německo-český vzdělávací program Ahoj, srdečně vás vítáme na Gymnáziu Friedricha Schillera v Pirně! Nerozuměl jsi té větě? To je česky a znamená: "Ahoj a vítáme vás na Gymnáziu Friedricha Schillera v Pirně!" Kdo naši školu navštěvuje, opakovaně se setkává s jazykem našeho nejbližšího souseda. U nás máš nejen možnost...</p>
