{"id":404,"date":"2025-05-13T07:44:40","date_gmt":"2025-05-13T05:44:40","guid":{"rendered":"https:\/\/schiller.the-web-designer.de\/?page_id=404"},"modified":"2026-01-02T19:02:10","modified_gmt":"2026-01-02T18:02:10","slug":"otisk","status":"publish","type":"page","link":"https:\/\/schillergymnasium-pirna.de\/cs\/impressum\/","title":{"rendered":"otisk"},"content":{"rendered":"<div data-elementor-type=\"wp-page\" data-elementor-id=\"404\" class=\"elementor elementor-404\" data-elementor-post-type=\"page\">\n\t\t\t\t<div class=\"elementor-element elementor-element-167eb3f7 e-flex e-con-boxed e-con e-parent\" data-id=\"167eb3f7\" data-element_type=\"container\" data-e-type=\"container\">\n\t\t\t\t\t<div class=\"e-con-inner\">\n\t\t\t\t<div class=\"elementor-element elementor-element-4a93e69a elementor-widget elementor-widget-text-editor\" data-id=\"4a93e69a\" data-element_type=\"widget\" data-e-type=\"widget\" data-widget_type=\"text-editor.default\">\n\t\t\t\t\t\t\t\t\t\n<p class=\"wp-block-paragraph\"><strong>otisk<br \/><\/strong>Informace v souladu s \u00a7 5 TMG a \u00a7 55 RStV.<\/p>\n<p><strong>Za obsah odpov\u00edd\u00e1:<br \/><\/strong>St\u0159edn\u00ed \u0161kola Friedricha Schillera Pirna<br \/>Seminarstra\u00dfe 3<br \/>01796 Pirna<\/p>\n<p>Telefon: +49 3501 781575<br \/>E-mail: schillergymnasium@pirna.de<br \/>sekretariat@fsg.lernsax.de<\/p>\n<p><strong>\u0160koln\u00ed spr\u00e1va<br \/><\/strong>\u0158editel \u0161koly a intern\u00e1tn\u00ed \u0161koly: Dr. Kristian Raum<br \/>Z\u00e1stupce \u0159editele: pan Christian Honecker<\/p>\n<p><strong>\u0160kolsk\u00fd \u00fa\u0159ad\/\u0161koln\u00ed dozor\u010d\u00ed org\u00e1n<br \/><\/strong>Velk\u00e9 okresn\u00ed m\u011bsto Pirna<br \/>Am Markt 1\/2<br \/>01796 Pirna<\/p>\n<p>Svobodn\u00fd st\u00e1t Sasko<br \/>Zemsk\u00fd \u00fa\u0159ad pro \u0161koly a vzd\u011bl\u00e1v\u00e1n\u00ed \u2013 pobo\u010dka v Dr\u00e1\u017e\u010fanech<br \/>Grossenhainer Stra\u00dfe 92<br \/>01127 Dr\u00e1\u017e\u010fany<\/p>\n<p><strong>Zodpov\u011bdn\u00fd za novin\u00e1\u0159sk\u00fd a redak\u010dn\u00ed obsah (\u00a7 18 odst. 2 MStV)<br \/><\/strong>\u0158editel \u0161koly a intern\u00e1tn\u00ed \u0161koly: Dr. Kristian Raum<\/p>\n<p><strong>Z\u0159eknut\u00ed se odpov\u011bdnosti<\/strong><\/p>\n<p><strong>Odpov\u011bdnost za obsah<br \/><\/strong>Jako ve\u0159ejn\u00e1 \u0161kola jsme v souladu s \u00a7 7 TMG odpov\u011bdn\u00ed za vlastn\u00ed obsah.<br \/>Neneseme \u017e\u00e1dnou odpov\u011bdnost za extern\u00ed obsah.<\/p>\n<p><strong>Odpov\u011bdnost za odkazy<br \/><\/strong>Na\u0161e webov\u00e9 str\u00e1nky mohou obsahovat odkazy na extern\u00ed webov\u00e9 str\u00e1nky, nad kter\u00fdmi nem\u00e1me \u017e\u00e1dnou kontrolu. Proto nep\u0159eb\u00edr\u00e1me \u017e\u00e1dnou odpov\u011bdnost za jejich obsah.<\/p>\n<p><strong>\u0158e\u0161en\u00ed spot\u0159ebitelsk\u00fdch spor\u016f \/ univerz\u00e1ln\u00ed arbitr\u00e1\u017en\u00ed komise<br \/><\/strong>Nejsme ochotni ani povinni \u00fa\u010dastnit se \u0159\u00edzen\u00ed o \u0159e\u0161en\u00ed spor\u016f p\u0159ed rozhod\u010d\u00ed komis\u00ed pro spot\u0159ebitele.<\/p>\n<p><strong>copyright<br \/><\/strong>Texty, obr\u00e1zky, grafika a dal\u0161\u00ed obsah na t\u011bchto webov\u00fdch str\u00e1nk\u00e1ch podl\u00e9haj\u00ed autorsk\u00fdm pr\u00e1v\u016fm.<br \/>Pou\u017eit\u00ed nebo dal\u0161\u00ed pou\u017eit\u00ed je mo\u017en\u00e9 pouze s p\u0159edchoz\u00edm souhlasem \u0161koly.<\/p>\n<hr class=\"wp-block-separator has-alpha-channel-opacity\" \/>\n<p class=\"wp-block-paragraph\"><strong>N\u00e1vrh, realizace, technick\u00e1 podpora a dal\u0161\u00ed rozvoj!<\/strong><br \/>Web Designer | Thomas L\u00f6bel | Internetov\u00e9 obchody | Redak\u010dn\u00ed syst\u00e9my | Pirna<\/p>\n\n<p class=\"wp-block-paragraph\">Thomas L\u00f6bel<\/p>\n\n<p class=\"wp-block-paragraph\">Webdesign\u00e9r<br \/>Lindenweg 1<br \/>01824 Rosenthal \u2013 Bielatal<\/p>\n\n<p class=\"wp-block-paragraph\">Mobil: 0172 \u2013 910 222 5<\/p>\n\n<p class=\"wp-block-paragraph\">Info@The-Web-Designer.de<br \/><a href=\"https:\/\/the-web-designer.de\">www.The-Web-Designer.de<\/a><\/p>\n\n<p class=\"wp-block-paragraph\">\u00a0<\/p>\n\t\t\t\t\t\t\t\t<\/div>\n\t\t\t\t\t<\/div>\n\t\t\t\t<\/div>\n\t\t\t\t<\/div>","protected":false},"excerpt":{"rendered":"<p>Obsahov\u00e9 n\u00e1le\u017eitosti podle \u00a7 5 TMG a \u00a7 55 RStV. Odpov\u011bdn\u00fd za obsah: Friedrich-Schiller-Gymn\u00e1zium Pirna Seminarstra\u00dfe 301796 Pirna Telefon: +49 3501 781575 E-mail: schillergymnasium@pirna.desekretariat@fsg.lernsax.de Veden\u00ed \u0161koly Vedouc\u00ed \u0161koly a intern\u00e1tu: pan dr. Kristian Raum Z\u00e1stupce vedouc\u00edho \u0161koly a intern\u00e1tu: pan Christian Honecker Z\u0159izovatel \u0161koly\/\u0160koln\u00ed dozor M\u011bsto Pirna Am Markt 1\/201796 Pirna Svobodn\u00fd st\u00e1t Sasko Zemsk\u00fd \u00fa\u0159ad pro \u0161kolstv\u00ed a vzd\u011bl\u00e1v\u00e1n\u00ed \u2013 lokalita Dr\u00e1\u017e\u010fany Gro\u00dfenhainer Stra\u00dfe 9201127 Dr\u00e1\u017e\u010fany Odpov\u011bdn\u00fd\u2026<\/p>","protected":false},"author":1,"featured_media":0,"parent":0,"menu_order":0,"comment_status":"closed","ping_status":"closed","template":"","meta":{"rs_blank_template":"","rs_page_bg_color":"","slide_template_v7":"","_loi_post_transparent":"","_loi_post_title":"","_loi_post_layout":"","_loi_post_sidebar_id":"","_loi_post_content_style":"","_loi_post_vertical_padding":"","_loi_post_feature":"","_loi_post_feature_position":"","_loi_post_header":false,"_loi_post_footer":false,"footnotes":""},"class_list":["post-404","page","type-page","status-publish","hentry"],"_links":{"self":[{"href":"https:\/\/schillergymnasium-pirna.de\/cs\/wp-json\/wp\/v2\/pages\/404","targetHints":{"allow":["GET"]}}],"collection":[{"href":"https:\/\/schillergymnasium-pirna.de\/cs\/wp-json\/wp\/v2\/pages"}],"about":[{"href":"https:\/\/schillergymnasium-pirna.de\/cs\/wp-json\/wp\/v2\/types\/page"}],"author":[{"embeddable":true,"href":"https:\/\/schillergymnasium-pirna.de\/cs\/wp-json\/wp\/v2\/users\/1"}],"replies":[{"embeddable":true,"href":"https:\/\/schillergymnasium-pirna.de\/cs\/wp-json\/wp\/v2\/comments?post=404"}],"version-history":[{"count":9,"href":"https:\/\/schillergymnasium-pirna.de\/cs\/wp-json\/wp\/v2\/pages\/404\/revisions"}],"predecessor-version":[{"id":1600,"href":"https:\/\/schillergymnasium-pirna.de\/cs\/wp-json\/wp\/v2\/pages\/404\/revisions\/1600"}],"wp:attachment":[{"href":"https:\/\/schillergymnasium-pirna.de\/cs\/wp-json\/wp\/v2\/media?parent=404"}],"curies":[{"name":"wp","href":"https:\/\/api.w.org\/{rel}","templated":true}]}}

<div data-elementor-type="wp-page" data-elementor-id="404" class="elementor elementor-404" data-elementor-post-type="page">
				<div class="elementor-element elementor-element-167eb3f7 e-flex e-con-boxed e-con e-parent" data-id="167eb3f7" data-element_type="container" data-e-type="container">
					<div class="e-con-inner">
				<div class="elementor-element elementor-element-4a93e69a elementor-widget elementor-widget-text-editor" data-id="4a93e69a" data-element_type="widget" data-e-type="widget" data-widget_type="text-editor.default">
									
<p class="wp-block-paragraph"><strong>otisk<br /></strong>Informace v souladu s § 5 TMG a § 55 RStV.</p>
<p><strong>Za obsah odpovídá:<br /></strong>Střední škola Friedricha Schillera Pirna<br />Seminarstraße 3<br />01796 Pirna</p>
<p>Telefon: +49 3501 781575<br />E-mail: schillergymnasium@pirna.de<br />sekretariat@fsg.lernsax.de</p>
<p><strong>Školní správa<br /></strong>Ředitel školy a internátní školy: Dr. Kristian Raum<br />Zástupce ředitele: pan Christian Honecker</p>
<p><strong>Školský úřad/školní dozorčí orgán<br /></strong>Velké okresní město Pirna<br />Am Markt 1/2<br />01796 Pirna</p>
<p>Svobodný stát Sasko<br />Zemský úřad pro školy a vzdělávání – pobočka v Drážďanech<br />Grossenhainer Straße 92<br />01127 Drážďany</p>
<p><strong>Zodpovědný za novinářský a redakční obsah (§ 18 odst. 2 MStV)<br /></strong>Ředitel školy a internátní školy: Dr. Kristian Raum</p>
<p><strong>Zřeknutí se odpovědnosti</strong></p>
<p><strong>Odpovědnost za obsah<br /></strong>Jako veřejná škola jsme v souladu s § 7 TMG odpovědní za vlastní obsah.<br />Neneseme žádnou odpovědnost za externí obsah.</p>
<p><strong>Odpovědnost za odkazy<br /></strong>Naše webové stránky mohou obsahovat odkazy na externí webové stránky, nad kterými nemáme žádnou kontrolu. Proto nepřebíráme žádnou odpovědnost za jejich obsah.</p>
<p><strong>Řešení spotřebitelských sporů / univerzální arbitrážní komise<br /></strong>Nejsme ochotni ani povinni účastnit se řízení o řešení sporů před rozhodčí komisí pro spotřebitele.</p>
<p><strong>copyright<br /></strong>Texty, obrázky, grafika a další obsah na těchto webových stránkách podléhají autorským právům.<br />Použití nebo další použití je možné pouze s předchozím souhlasem školy.</p>
<hr class="wp-block-separator has-alpha-channel-opacity" />
<p class="wp-block-paragraph"><strong>Návrh, realizace, technická podpora a další rozvoj!</strong><br />Web Designer | Thomas Löbel | Internetové obchody | Redakční systémy | Pirna</p>

<p class="wp-block-paragraph">Thomas Löbel</p>

<p class="wp-block-paragraph">Webdesignér<br />Lindenweg 1<br />01824 Rosenthal – Bielatal</p>

<p class="wp-block-paragraph">Mobil: 0172 – 910 222 5</p>

<p class="wp-block-paragraph">Info@The-Web-Designer.de<br /><a href="https://the-web-designer.de">www.The-Web-Designer.de</a></p>

<p class="wp-block-paragraph"> </p>
								</div>
					</div>
				</div>
				</div>

<p>Obsahové náležitosti podle § 5 TMG a § 55 RStV. Odpovědný za obsah: Friedrich-Schiller-Gymnázium Pirna Seminarstraße 301796 Pirna Telefon: +49 3501 781575 E-mail: schillergymnasium@pirna.desekretariat@fsg.lernsax.de Vedení školy Vedoucí školy a internátu: pan dr. Kristian Raum Zástupce vedoucího školy a internátu: pan Christian Honecker Zřizovatel školy/Školní dozor Město Pirna Am Markt 1/201796 Pirna Svobodný stát Sasko Zemský úřad pro školství a vzdělávání – lokalita Drážďany Großenhainer Straße 9201127 Drážďany Odpovědný…</p>
