{"id":678,"date":"2025-06-26T13:51:41","date_gmt":"2025-06-26T11:51:41","guid":{"rendered":"https:\/\/schiller.the-web-designer.de\/?page_id=678"},"modified":"2026-03-03T07:03:57","modified_gmt":"2026-03-03T06:03:57","slug":"profilove-lekce-na-fsg","status":"publish","type":"page","link":"https:\/\/schillergymnasium-pirna.de\/cs\/schillerlernen\/profilunterricht-am-fsg\/","title":{"rendered":"Informace o \u0161est\u00e9 t\u0159\u00edd\u011b"},"content":{"rendered":"<div data-elementor-type=\"wp-page\" data-elementor-id=\"678\" class=\"elementor elementor-678\" data-elementor-post-type=\"page\">\n\t\t\t\t<div class=\"elementor-element elementor-element-64fcd6b e-flex e-con-boxed e-con e-parent\" data-id=\"64fcd6b\" data-element_type=\"container\" data-e-type=\"container\">\n\t\t\t\t\t<div class=\"e-con-inner\">\n\t\t\t\t<div class=\"elementor-element elementor-element-d179f89 elementor-widget elementor-widget-text-editor\" data-id=\"d179f89\" data-element_type=\"widget\" data-e-type=\"widget\" data-widget_type=\"text-editor.default\">\n\t\t\t\t\t\t\t\t\t<h2>Informace o vy\u0161\u0161\u00ed st\u0159edn\u00ed \u0161kole<\/h2><p>V\u00e1\u017een\u00ed rodi\u010de, mil\u00ed \u017e\u00e1ci 10. \u2013 12. ro\u010dn\u00edku,<\/p><p>Od 1. \u0159\u00edjna 2022 pracuji jako vedouc\u00ed poradce na gymn\u00e1ziu Friedricha Schillera. V p\u0159\u00edpad\u011b jak\u00fdchkoli dotaz\u016f nebo p\u0159ipom\u00ednek m\u011b nev\u00e1hejte kontaktovat e-mailem (johne.h@fsg.lernsax.de) nebo se mnou osobn\u011b promluvte b\u011bhem dlouh\u00fdch p\u0159est\u00e1vek a m\u00fdch konzulta\u010dn\u00edch hodin (v \u00fater\u00fd a ve \u010dtvrtek b\u011bhem t\u0159et\u00ed vyu\u010dovac\u00ed hodiny).<\/p><p>S pozdravem<\/p><p>Henry John<\/p><p><strong>Informace o nab\u00eddce kurz\u016f na st\u0159edn\u00ed \u0161kole<\/strong><\/p><p><strong>Pokro\u010dil\u00e9 kurzy:<\/strong><\/p><ul><li>matematika<\/li><li>N\u011bmec<\/li><li>angli\u010dtina<\/li><li>\u010de\u0161tina<\/li><li>P\u0159\u00edb\u011bh<\/li><li>Chemie<\/li><li>fyzika<\/li><\/ul><p><strong>Voliteln\u00e9 z\u00e1kladn\u00ed kurzy:<\/strong><\/p><ul><li>Po\u010d\u00edta\u010dov\u00e1 v\u011bda<\/li><li>Fotografick\u00fd medi\u00e1ln\u00ed design<\/li><li>P\u0159\u00edroda a technologie<\/li><li><a href=\"https:\/\/schillergymnasium-pirna.de\/wp-content\/uploads\/2025\/12\/Inhalte-Grundkurs-MuZ-.pdf\">\u201e\u010clov\u011bk ve sv\u00e9 dob\u011b\u201c<\/a> (Filozofie)<\/li><li>Fyzika v angli\u010dtin\u011b<\/li><\/ul><p><strong>Sportovn\u00ed kurzy v:<\/strong><\/p><ul><li>Aerobik\/Tanec<\/li><li>badminton<\/li><li>Gymnastika s n\u00e1\u010din\u00edm<\/li><li>atletika<\/li><li>D\u017eudo<\/li><li>veslov\u00e1n\u00ed<\/li><li>Plavat<\/li><li>basketball<\/li><li>fotbal<\/li><li>h\u00e1zen\u00e1<\/li><li>volejbal<\/li><li>hokej<\/li><\/ul>\t\t\t\t\t\t\t\t<\/div>\n\t\t\t\t\t<\/div>\n\t\t\t\t<\/div>\n\t\t\t\t<\/div>","protected":false},"excerpt":{"rendered":"<p>Informace o gymn\u00e1ziu Velice v\u00e1\u017een\u00ed rodi\u010de, mil\u00ed studenti 10.\u201312. ro\u010dn\u00edku, od 1. 10. 2022 jsem poradcem pro gymn\u00e1zium na Gymn\u00e1ziu Friedricha Schillera. Nev\u00e1hejte m\u011b kontaktovat s dotazy a po\u017eadavky prost\u0159ednictv\u00edm e-mailu (johne.h@fsg.lernsax.de) nebo se mnou osobn\u011b promluvit b\u011bhem p\u0159est\u00e1vek a v m\u00e9 \u00fa\u0159edn\u00ed dob\u011b (v\u017edy v \u00fater\u00fd a ve \u010dtvrtek b\u011bhem 3. hodiny). S pozdravem\u2026<\/p>","protected":false},"author":1,"featured_media":57,"parent":497,"menu_order":0,"comment_status":"closed","ping_status":"closed","template":"","meta":{"rs_blank_template":"","rs_page_bg_color":"","slide_template_v7":"","_loi_post_transparent":"","_loi_post_title":"default","_loi_post_layout":"default","_loi_post_sidebar_id":"","_loi_post_content_style":"unboxed","_loi_post_vertical_padding":"default","_loi_post_feature":"default","_loi_post_feature_position":"","_loi_post_header":false,"_loi_post_footer":false,"footnotes":""},"class_list":["post-678","page","type-page","status-publish","has-post-thumbnail","hentry"],"_links":{"self":[{"href":"https:\/\/schillergymnasium-pirna.de\/cs\/wp-json\/wp\/v2\/pages\/678","targetHints":{"allow":["GET"]}}],"collection":[{"href":"https:\/\/schillergymnasium-pirna.de\/cs\/wp-json\/wp\/v2\/pages"}],"about":[{"href":"https:\/\/schillergymnasium-pirna.de\/cs\/wp-json\/wp\/v2\/types\/page"}],"author":[{"embeddable":true,"href":"https:\/\/schillergymnasium-pirna.de\/cs\/wp-json\/wp\/v2\/users\/1"}],"replies":[{"embeddable":true,"href":"https:\/\/schillergymnasium-pirna.de\/cs\/wp-json\/wp\/v2\/comments?post=678"}],"version-history":[{"count":11,"href":"https:\/\/schillergymnasium-pirna.de\/cs\/wp-json\/wp\/v2\/pages\/678\/revisions"}],"predecessor-version":[{"id":2215,"href":"https:\/\/schillergymnasium-pirna.de\/cs\/wp-json\/wp\/v2\/pages\/678\/revisions\/2215"}],"up":[{"embeddable":true,"href":"https:\/\/schillergymnasium-pirna.de\/cs\/wp-json\/wp\/v2\/pages\/497"}],"wp:featuredmedia":[{"embeddable":true,"href":"https:\/\/schillergymnasium-pirna.de\/cs\/wp-json\/wp\/v2\/media\/57"}],"wp:attachment":[{"href":"https:\/\/schillergymnasium-pirna.de\/cs\/wp-json\/wp\/v2\/media?parent=678"}],"curies":[{"name":"wp","href":"https:\/\/api.w.org\/{rel}","templated":true}]}}

Informace o šesté třídě

<div data-elementor-type="wp-page" data-elementor-id="678" class="elementor elementor-678" data-elementor-post-type="page">
				<div class="elementor-element elementor-element-64fcd6b e-flex e-con-boxed e-con e-parent" data-id="64fcd6b" data-element_type="container" data-e-type="container">
					<div class="e-con-inner">
				<div class="elementor-element elementor-element-d179f89 elementor-widget elementor-widget-text-editor" data-id="d179f89" data-element_type="widget" data-e-type="widget" data-widget_type="text-editor.default">
									<h2>Informace o vyšší střední škole</h2><p>Vážení rodiče, milí žáci 10. – 12. ročníku,</p><p>Od 1. října 2022 pracuji jako vedoucí poradce na gymnáziu Friedricha Schillera. V případě jakýchkoli dotazů nebo připomínek mě neváhejte kontaktovat e-mailem (johne.h@fsg.lernsax.de) nebo se mnou osobně promluvte během dlouhých přestávek a mých konzultačních hodin (v úterý a ve čtvrtek během třetí vyučovací hodiny).</p><p>S pozdravem</p><p>Henry John</p><p><strong>Informace o nabídce kurzů na střední škole</strong></p><p><strong>Pokročilé kurzy:</strong></p><ul><li>matematika</li><li>Němec</li><li>angličtina</li><li>čeština</li><li>Příběh</li><li>Chemie</li><li>fyzika</li></ul><p><strong>Volitelné základní kurzy:</strong></p><ul><li>Počítačová věda</li><li>Fotografický mediální design</li><li>Příroda a technologie</li><li><a href="https://schillergymnasium-pirna.de/wp-content/uploads/2025/12/Inhalte-Grundkurs-MuZ-.pdf">„Člověk ve své době“</a> (Filozofie)</li><li>Fyzika v angličtině</li></ul><p><strong>Sportovní kurzy v:</strong></p><ul><li>Aerobik/Tanec</li><li>badminton</li><li>Gymnastika s náčiním</li><li>atletika</li><li>Džudo</li><li>veslování</li><li>Plavat</li><li>basketball</li><li>fotbal</li><li>házená</li><li>volejbal</li><li>hokej</li></ul>								</div>
					</div>
				</div>
				</div>

<p>Informace o gymnáziu Velice vážení rodiče, milí studenti 10.–12. ročníku, od 1. 10. 2022 jsem poradcem pro gymnázium na Gymnáziu Friedricha Schillera. Neváhejte mě kontaktovat s dotazy a požadavky prostřednictvím e-mailu (johne.h@fsg.lernsax.de) nebo se mnou osobně promluvit během přestávek a v mé úřední době (vždy v úterý a ve čtvrtek během 3. hodiny). S pozdravem…</p>
